{"id":1936,"date":"2019-03-04T09:08:15","date_gmt":"2019-03-04T08:08:15","guid":{"rendered":"https:\/\/learninglab.tugraz.at\/informatischegrundbildung\/?page_id=1936"},"modified":"2020-01-10T15:49:55","modified_gmt":"2020-01-10T14:49:55","slug":"you-can-code-yc2","status":"publish","type":"page","link":"https:\/\/learninglab.tugraz.at\/informatischegrundbildung\/you-can-code-yc2\/","title":{"rendered":"You can code &#8211; YC^2"},"content":{"rendered":"\n<div class=\"wp-block-image\"><figure class=\"aligncenter is-resized\"><img loading=\"lazy\" decoding=\"async\" src=\"https:\/\/learninglab.tugraz.at\/informatischegrundbildung\/wp-content\/uploads\/2020\/01\/You-Can-Code-Logo--1024x288.png\" alt=\"\" class=\"wp-image-3600\" width=\"357\" height=\"100\" srcset=\"https:\/\/learninglab.tugraz.at\/informatischegrundbildung\/wp-content\/uploads\/2020\/01\/You-Can-Code-Logo--1024x288.png 1024w, https:\/\/learninglab.tugraz.at\/informatischegrundbildung\/wp-content\/uploads\/2020\/01\/You-Can-Code-Logo--300x84.png 300w, https:\/\/learninglab.tugraz.at\/informatischegrundbildung\/wp-content\/uploads\/2020\/01\/You-Can-Code-Logo--768x216.png 768w, https:\/\/learninglab.tugraz.at\/informatischegrundbildung\/wp-content\/uploads\/2020\/01\/You-Can-Code-Logo--1200x338.png 1200w\" sizes=\"auto, (max-width: 357px) 85vw, 357px\" \/><figcaption>Logo des Projekts<\/figcaption><\/figure><\/div>\n\n\n\n<p>In der Arbeitswelt der Zukunft werden F\u00e4higkeiten im Umgang mit digitalen Ger\u00e4ten\/Maschinen immer wichtiger und sind entscheidend f\u00fcr die weiteren beruflichen Perspektiven. Mit dem Projekt <em>You can code &#8211; YC<\/em><sup><em>2<\/em><\/sup> wird zur Vorbereitung der Kinder eine erste Grundlage f\u00fcr die digitale Grundbildung der jungen Menschen geschaffen. <\/p>\n\n\n\n<div class=\"wp-block-image\"><figure class=\"alignright is-resized\"><img loading=\"lazy\" decoding=\"async\" src=\"https:\/\/learninglab.tugraz.at\/informatischegrundbildung\/wp-content\/uploads\/2020\/01\/Ozobot_klein-1024x897.png\" alt=\"\" class=\"wp-image-3599\" width=\"173\" height=\"151\" srcset=\"https:\/\/learninglab.tugraz.at\/informatischegrundbildung\/wp-content\/uploads\/2020\/01\/Ozobot_klein-1024x897.png 1024w, https:\/\/learninglab.tugraz.at\/informatischegrundbildung\/wp-content\/uploads\/2020\/01\/Ozobot_klein-300x263.png 300w, https:\/\/learninglab.tugraz.at\/informatischegrundbildung\/wp-content\/uploads\/2020\/01\/Ozobot_klein-768x673.png 768w, https:\/\/learninglab.tugraz.at\/informatischegrundbildung\/wp-content\/uploads\/2020\/01\/Ozobot_klein-1200x1052.png 1200w\" sizes=\"auto, (max-width: 173px) 85vw, 173px\" \/><figcaption>Unterrichtsmaterialien f\u00fcr den Einsatz des Ozobots<\/figcaption><\/figure><\/div>\n\n\n\n<p>Das Projekt wurde im Zuge der Ausschreibung \u201eErstellung von digitalen Lehr- und Lernmitteln mit Citizen-Science-Methoden \u2013 1. Ausschreibung\u201c eingereicht und von den F\u00f6rdergebern zur Umsetzung ausgew\u00e4hlt. Dabei wurden die bestehenden Lehr- und Lernmaterialien, die im Rahmen einer Diplomarbeit zum Thema \u201eEinsatz des Ozobot im Unterricht\u201c entwickelt wurden, evaluiert und anschlie\u00dfend vollst\u00e4ndig \u00fcberarbeitet. Die Evaluierung der vorhandenen Lehr- und Lernmaterialien erfolgte u.a. in einer sogenannten Mit-Mach-Phase, in der die folgenden Schulen mit den genannten AnsprechpartnerInnen mitwirkten:  BG\/BRG\/BORG Hartberg (Gerald Geier), BG\/BRG Weiz (Bettina H\u00f6llerbauer),  BG\/BRG Gleisdorf (Sabrina Huber-Maderer), Naturparkschule Neue  Mittelschule Lockenhaus\/Bernstein (Daniel Karacsonyi).  Wir m\u00f6chten uns auf diesem Weg f\u00fcr das Engagement und das wertvolle Feedback bedanken.  <\/p>\n\n\n\n<h2 class=\"wp-block-heading\">Materialien zum Download<\/h2>\n\n\n\n<p>Hier finden Sie die offen lizenzierten Lehr- und Lernunterlagen zum <em><strong>Einsatz des Ozobot im Unterricht<\/strong><\/em>, die im Zuge des Projekts  <em>You can code &#8211; YC<\/em><sup><em>2<\/em><\/sup> entwickelt wurden.<\/p>\n\n\n\n<p><em>Alle Lehr- und Lernmaterialien in einem Dokument:<\/em><\/p>\n\n\n\n<div class=\"wp-block-file\"><a href=\"https:\/\/learninglab.tugraz.at\/informatischegrundbildung\/wp-content\/uploads\/2020\/01\/ycc_alle_lehr_lernmaterialien-1.pdf\">ycc_alle_lehr_lernmaterialien.pdf<\/a><\/div>\n\n\n\n<p><em>Alle Materialien f\u00fcr Sch\u00fclerinnen und Sch\u00fcler in einem Dokument:<\/em><\/p>\n\n\n\n<div class=\"wp-block-file\"><a href=\"https:\/\/learninglab.tugraz.at\/informatischegrundbildung\/wp-content\/uploads\/2019\/12\/ycc_schuelermaterial.pdf\">ycc_schueler_innen_material<\/a><\/div>\n\n\n\n<p><em>Allgemeine Hinweise zu den entwickelten Materialien:<\/em><\/p>\n\n\n\n<div class=\"wp-block-file\"><a href=\"https:\/\/learninglab.tugraz.at\/informatischegrundbildung\/wp-content\/uploads\/2020\/01\/ycc_allgemeine_hinweise.pdf\">ycc_allgemeine_hinweise<\/a><\/div>\n\n\n\n<p><em>\u00dcbersicht \u00fcber die entwickelten Unterrichtseinheiten:<\/em><\/p>\n\n\n\n<div class=\"wp-block-file\"><a href=\"https:\/\/learninglab.tugraz.at\/informatischegrundbildung\/wp-content\/uploads\/2019\/12\/ycc_\u00fcbersicht.pdf\">ycc_\u00fcbersicht<\/a><\/div>\n\n\n\n<p><em>\u00dcbersicht \u00fcber alle Ozobot-Farbcodes<\/em>:<\/p>\n\n\n\n<div class=\"wp-block-file\"><a href=\"https:\/\/learninglab.tugraz.at\/informatischegrundbildung\/wp-content\/uploads\/2019\/12\/ycc_ozobot_farbcodes.pdf\">ycc_ozobot_farbcodes<\/a><\/div>\n\n\n\n<p><em>\u00dcbersicht \u00fcber die wichtigsten Tipps f\u00fcr das Zeichnen der Linien und Farbcodes:<\/em><\/p>\n\n\n\n<div class=\"wp-block-file\"><a href=\"https:\/\/learninglab.tugraz.at\/informatischegrundbildung\/wp-content\/uploads\/2019\/12\/ycc_ozobot_tipps.pdf\">ycc_ozobot_tipps<\/a><\/div>\n\n\n\n<p><em>Auflistung der einzelnen Einheiten:<\/em><\/p>\n\n\n\n<div class=\"wp-block-file\"><a href=\"https:\/\/learninglab.tugraz.at\/informatischegrundbildung\/wp-content\/uploads\/2020\/01\/ycc_01_farbcoderaten-1.pdf\">ycc_01_farbcoderaten<\/a><\/div>\n\n\n\n<div class=\"wp-block-file\"><a href=\"https:\/\/learninglab.tugraz.at\/informatischegrundbildung\/wp-content\/uploads\/2020\/01\/ycc_02_codeseintragen.pdf\">ycc_02_codeseintragen<\/a><\/div>\n\n\n\n<div class=\"wp-block-file\"><a href=\"https:\/\/learninglab.tugraz.at\/informatischegrundbildung\/wp-content\/uploads\/2020\/01\/ycc_03_geschwindigkeitsmessung.pdf\">ycc_03_geschwindigkeitsmessung<\/a><\/div>\n\n\n\n<div class=\"wp-block-file\"><a href=\"https:\/\/learninglab.tugraz.at\/informatischegrundbildung\/wp-content\/uploads\/2020\/01\/ycc_03v_findedenweg.pdf\">ycc_03v_findedenweg<\/a><\/div>\n\n\n\n<div class=\"wp-block-file\"><a href=\"https:\/\/learninglab.tugraz.at\/informatischegrundbildung\/wp-content\/uploads\/2020\/01\/ycc_04_shapetracer.pdf\">ycc_04_shapetracer<\/a><\/div>\n\n\n\n<div class=\"wp-block-file\"><a href=\"https:\/\/learninglab.tugraz.at\/informatischegrundbildung\/wp-content\/uploads\/2020\/01\/ycc_05_schleifen.pdf\">ycc_05_schleifen<\/a><\/div>\n\n\n\n<div class=\"wp-block-file\"><a href=\"https:\/\/learninglab.tugraz.at\/informatischegrundbildung\/wp-content\/uploads\/2020\/01\/ycc_06_oberfla\u0308chenscanner.pdf\">ycc_06_oberfla\u0308chenscanner<\/a><\/div>\n\n\n\n<div class=\"wp-block-file\"><a href=\"https:\/\/learninglab.tugraz.at\/informatischegrundbildung\/wp-content\/uploads\/2020\/01\/ycc_07_listen.pdf\">ycc_07_listen<\/a><\/div>\n\n\n\n<p><em>Material als bearbeitbare Version<\/em><\/p>\n\n\n\n<div class=\"wp-block-file\"><a href=\"https:\/\/learninglab.tugraz.at\/informatischegrundbildung\/wp-content\/uploads\/2020\/01\/Lehr-und-Lernmaterialien-zur-Arbeit-mit-dem-Ozobot.zip\">Lehr- und Lernmaterialien zur Arbeit mit dem Ozobot<\/a><\/div>\n\n\n\n<h2 class=\"wp-block-heading\"><strong>Videos<\/strong><\/h2>\n\n\n\n<p>Besonders m\u00f6chten wir die drei erstellten<strong> Einf\u00fchrungsvideos<\/strong> f\u00fcr die Arbeit mit den Ozobots hervorheben.<br>Sie finden alle drei Videos unter dem folgenden Link (Playlist auf YouTube):<br> <a href=\"https:\/\/www.youtube.com\/playlist?list=PLhy2nHJciTEAurk4S87jj-QgwuM2VYK5j\">https:\/\/www.youtube.com\/playlist?list=PLhy2nHJciTEAurk4S87jj-QgwuM2VYK5j<\/a> <\/p>\n\n\n\n<h3 class=\"wp-block-heading\">Interaktive Videos<\/h3>\n\n\n<div class=\"h5p-iframe-wrapper\"><iframe id=\"h5p-iframe-1\" class=\"h5p-iframe\" data-content-id=\"1\" style=\"height:1px\" src=\"about:blank\" frameBorder=\"0\" scrolling=\"no\" title=\"Einf\u00fchrung in die Arbeit mit den Ozobots\"><\/iframe><\/div>\n\n\n<div class=\"h5p-iframe-wrapper\"><iframe id=\"h5p-iframe-2\" class=\"h5p-iframe\" data-content-id=\"2\" style=\"height:1px\" src=\"about:blank\" frameBorder=\"0\" scrolling=\"no\" title=\"Steuerung des Ozobots mit Farbcodes\"><\/iframe><\/div>\n\n\n<div class=\"h5p-iframe-wrapper\"><iframe id=\"h5p-iframe-3\" class=\"h5p-iframe\" data-content-id=\"3\" style=\"height:1px\" src=\"about:blank\" frameBorder=\"0\" scrolling=\"no\" title=\"Programmierung mit Ozoblockly\"><\/iframe><\/div>\n\n\n\n<hr class=\"wp-block-separator is-style-wide\"\/>\n\n\n\n<h2 class=\"wp-block-heading\">Pr\u00e4sentation der Ergebnisse bei den Digi Play Days<\/h2>\n\n\n\n<div class=\"wp-block-image\"><figure class=\"alignright is-resized\"><img loading=\"lazy\" decoding=\"async\" src=\"https:\/\/learninglab.tugraz.at\/informatischegrundbildung\/wp-content\/uploads\/2020\/01\/DigiPlayDays_2019_192-e1578471632278-838x1024.jpg\" alt=\"Gerald Geier und Maria Grandl bei den Digi Play Days\" class=\"wp-image-3607\" width=\"263\" height=\"322\" srcset=\"https:\/\/learninglab.tugraz.at\/informatischegrundbildung\/wp-content\/uploads\/2020\/01\/DigiPlayDays_2019_192-e1578471632278-838x1024.jpg 838w, https:\/\/learninglab.tugraz.at\/informatischegrundbildung\/wp-content\/uploads\/2020\/01\/DigiPlayDays_2019_192-e1578471632278-245x300.jpg 245w, https:\/\/learninglab.tugraz.at\/informatischegrundbildung\/wp-content\/uploads\/2020\/01\/DigiPlayDays_2019_192-e1578471632278-768x939.jpg 768w, https:\/\/learninglab.tugraz.at\/informatischegrundbildung\/wp-content\/uploads\/2020\/01\/DigiPlayDays_2019_192-e1578471632278-1200x1467.jpg 1200w\" sizes=\"auto, (max-width: 263px) 85vw, 263px\" \/><figcaption> <strong>Fotocredit:  Julius Raab Stiftung<\/strong><br>Pr\u00e4sentation der YC^2-Materialien durch Gerald Geier und Maria Grandl bei den Digi Play Days im November 2019 in Wien  <\/figcaption><\/figure><\/div>\n\n\n\n<p>Am 06.11.2019 hatten wir die M\u00f6glichkeiten, die entwickelten Materialien bei den  <strong><em>Digi Play Days<\/em><\/strong> der Julias Raab Stiftung, die in der Grand Hall des Erste Campus in Wien stattfanden, zu pr\u00e4sentieren. Dabei konnten die anwesenden Sch\u00fclerinnen und Sch\u00fcler den Ozobot kennen lernen und gleichzeitig die neu entwickelten Unterrichtsmaterialien testen. Zudem bot sich die M\u00f6glichkeit, mit zahlreichen Lehrpersonen zu sprechen und den Einsatz des Ozobots im Unterricht zu diskutierten. Wir haben uns \u00fcber das durchgehend positive Feedback gefreut und m\u00f6chten uns f\u00fcr die gute Organisation der Veranstaltung bzw. f\u00fcr die M\u00f6glichkeit der Teilnahme bedanken. <\/p>\n\n\n\n<figure class=\"wp-block-image is-resized\"><img loading=\"lazy\" decoding=\"async\" src=\"https:\/\/learninglab.tugraz.at\/informatischegrundbildung\/wp-content\/uploads\/2020\/01\/IMG_4329_digiplaydays-1024x1024.jpg\" alt=\"\" class=\"wp-image-3610\" width=\"305\" height=\"305\" srcset=\"https:\/\/learninglab.tugraz.at\/informatischegrundbildung\/wp-content\/uploads\/2020\/01\/IMG_4329_digiplaydays-1024x1024.jpg 1024w, https:\/\/learninglab.tugraz.at\/informatischegrundbildung\/wp-content\/uploads\/2020\/01\/IMG_4329_digiplaydays-150x150.jpg 150w, https:\/\/learninglab.tugraz.at\/informatischegrundbildung\/wp-content\/uploads\/2020\/01\/IMG_4329_digiplaydays-300x300.jpg 300w, https:\/\/learninglab.tugraz.at\/informatischegrundbildung\/wp-content\/uploads\/2020\/01\/IMG_4329_digiplaydays-768x768.jpg 768w, https:\/\/learninglab.tugraz.at\/informatischegrundbildung\/wp-content\/uploads\/2020\/01\/IMG_4329_digiplaydays-1200x1200.jpg 1200w\" sizes=\"auto, (max-width: 305px) 85vw, 305px\" \/><figcaption><strong>Fotocredit:  Susanna Valentin, OeAD<\/strong><br>Bei den Digi Play Days konnten die TeilnehmerInnen die Materialien gleich ausprobieren. <\/figcaption><\/figure>\n\n\n\n<hr class=\"wp-block-separator is-style-wide\"\/>\n\n\n\n<h2 class=\"wp-block-heading\"><strong>R\u00fcckblick: Ablauf des Projekts<\/strong> <\/h2>\n\n\n\n<div class=\"wp-block-image\"><figure class=\"alignright is-resized\"><img loading=\"lazy\" decoding=\"async\" src=\"https:\/\/learninglab.tugraz.at\/informatischegrundbildung\/wp-content\/uploads\/2019\/03\/bild-mittel-1024x768.jpg\" alt=\"You can code - YC^2\" class=\"wp-image-2071\" width=\"300\" height=\"192\"\/><figcaption>You can code &#8211; YC<sup>2<\/sup><\/figcaption><\/figure><\/div>\n\n\n\n<p><strong>Mit-Mach-Phase: <\/strong>06.05.2019 &#8211; 28.07.2019<\/p>\n\n\n\n<p><strong>Start-Workshops<\/strong> am  29. April 2019 von 08:30 &#8211; 11:00 Uhr am <a rel=\"noreferrer noopener\" href=\"http:\/\/www.gym-hartberg.ac.at\/\" target=\"_blank\">Gymnasium Hartberg<\/a>, am 08. Mai 2019 von 14:30 &#8211; 17:00 Uhr an der <a rel=\"noreferrer noopener\" href=\"https:\/\/www.tugraz.at\/oe\/lehr-und-lerntechnologien\/home\/\" target=\"_blank\">TU Graz<\/a>, zus\u00e4tzlicher Online-Termin <\/p>\n\n\n\n<p><strong>Verwendete Hilfsmittel:<\/strong> eBook mit Lehr- und Lernunterlagen zur Arbeit mit Ozobot &amp; BBC micro:bit (Die M\u00f6glichkeit eines Hardware-Verleihs war gegeben.)<br><\/p>\n\n\n\n<blockquote class=\"wp-block-quote is-layout-flow wp-block-quote-is-layout-flow\"><p>Die Lehr- und Lernmaterialien, die wir in erster Linie verbessern und weiterentwickeln wollen, sind aktuell auf dieser Website ver\u00f6ffentlicht und werden dann in das offene Informatik-Schulbuch (<a href=\"https:\/\/ebook.tugraz.at\/\">https:\/\/ebook.tugraz.at\/<\/a>) integriert. <\/p><p> Weitere Informationen finden Sie auch auf der <a rel=\"noreferrer noopener\" href=\"https:\/\/eduthek.at\/mitmachen\/You%20can%20code\/\" target=\"_blank\">Eduthek<\/a>. <\/p><cite>Informationen, die zum Projektstart auf dieser Webseite ver\u00f6ffentlicht wurden.<\/cite><\/blockquote>\n\n\n\n<h2 class=\"wp-block-heading\">Kontakt<\/h2>\n\n\n\n<p>Mag. Gerald Geier BSc<br><a href=\"mailto:gerald.geier@tugraz.at\">gerald.geier@tugraz.at<\/a><\/p>\n\n\n\n<hr class=\"wp-block-separator\"\/>\n\n\n\n<p>Das Projekt wurde im Rahmen der Ausschreibung <em>Erstellung von digitalen Lehr- und Lernmitteln mit Citizen Science-Methoden 1. Ausschreibung<\/em> gef\u00f6rdert. Als F\u00f6rdergeber treten dabei die <a rel=\"noreferrer noopener\" aria-label=\" (\u00f6ffnet in neuem Tab)\" href=\"https:\/\/innovationsstiftung-bildung.at\/de\/\" target=\"_blank\">Innovationsstiftung f\u00fcr Bildung<\/a> und die <a rel=\"noreferrer noopener\" aria-label=\" (\u00f6ffnet in neuem Tab)\" href=\"https:\/\/oead.at\" target=\"_blank\">OeAD GmbH<\/a> auf.<\/p>\n\n\n\n<div class=\"wp-block-columns has-2-columns is-layout-flex wp-container-core-columns-is-layout-9d6595d7 wp-block-columns-is-layout-flex\">\n<div class=\"wp-block-column is-layout-flow wp-block-column-is-layout-flow\">\n<figure class=\"wp-block-image is-resized\"><a href=\"https:\/\/innovationsstiftung-bildung.at\/de\/\" target=\"_blank\" rel=\"noreferrer noopener\"><img loading=\"lazy\" decoding=\"async\" src=\"https:\/\/learninglab.tugraz.at\/informatischegrundbildung\/wp-content\/uploads\/2019\/03\/Logo_ISBlang_4c-1024x300.gif\" alt=\"Innovationsstiftung f\u00fcr Bildung\" class=\"wp-image-2075\" width=\"256\" height=\"75\" srcset=\"https:\/\/learninglab.tugraz.at\/informatischegrundbildung\/wp-content\/uploads\/2019\/03\/Logo_ISBlang_4c-1024x300.gif 1024w, https:\/\/learninglab.tugraz.at\/informatischegrundbildung\/wp-content\/uploads\/2019\/03\/Logo_ISBlang_4c-300x88.gif 300w, https:\/\/learninglab.tugraz.at\/informatischegrundbildung\/wp-content\/uploads\/2019\/03\/Logo_ISBlang_4c-768x225.gif 768w, https:\/\/learninglab.tugraz.at\/informatischegrundbildung\/wp-content\/uploads\/2019\/03\/Logo_ISBlang_4c-1200x351.gif 1200w\" sizes=\"auto, (max-width: 256px) 85vw, 256px\" \/><\/a><\/figure>\n<\/div>\n\n\n\n<div class=\"wp-block-column is-layout-flow wp-block-column-is-layout-flow\">\n<figure class=\"wp-block-image is-resized\"><a href=\"https:\/\/oead.at\" target=\"_blank\" rel=\"noreferrer noopener\"><img loading=\"lazy\" decoding=\"async\" src=\"https:\/\/learninglab.tugraz.at\/informatischegrundbildung\/wp-content\/uploads\/2019\/03\/oead_logo_rot-1024x250.jpg\" alt=\"\" class=\"wp-image-2076\" width=\"205\" height=\"63\"\/><\/a><\/figure>\n<\/div>\n<\/div>\n","protected":false},"excerpt":{"rendered":"<p>In der Arbeitswelt der Zukunft werden F\u00e4higkeiten im Umgang mit digitalen Ger\u00e4ten\/Maschinen immer wichtiger und sind entscheidend f\u00fcr die weiteren beruflichen Perspektiven. Mit dem Projekt You can code &#8211; YC2 wird zur Vorbereitung der Kinder eine erste Grundlage f\u00fcr die digitale Grundbildung der jungen Menschen geschaffen. Das Projekt wurde im Zuge der Ausschreibung \u201eErstellung von &hellip; <a href=\"https:\/\/learninglab.tugraz.at\/informatischegrundbildung\/you-can-code-yc2\/\" class=\"more-link\"><span class=\"screen-reader-text\">\u201eYou can code &#8211; YC^2\u201c<\/span> weiterlesen<\/a><\/p>\n","protected":false},"author":3,"featured_media":0,"parent":0,"menu_order":0,"comment_status":"closed","ping_status":"closed","template":"","meta":{"footnotes":""},"class_list":["post-1936","page","type-page","status-publish","hentry"],"_links":{"self":[{"href":"https:\/\/learninglab.tugraz.at\/informatischegrundbildung\/wp-json\/wp\/v2\/pages\/1936","targetHints":{"allow":["GET"]}}],"collection":[{"href":"https:\/\/learninglab.tugraz.at\/informatischegrundbildung\/wp-json\/wp\/v2\/pages"}],"about":[{"href":"https:\/\/learninglab.tugraz.at\/informatischegrundbildung\/wp-json\/wp\/v2\/types\/page"}],"author":[{"embeddable":true,"href":"https:\/\/learninglab.tugraz.at\/informatischegrundbildung\/wp-json\/wp\/v2\/users\/3"}],"replies":[{"embeddable":true,"href":"https:\/\/learninglab.tugraz.at\/informatischegrundbildung\/wp-json\/wp\/v2\/comments?post=1936"}],"version-history":[{"count":58,"href":"https:\/\/learninglab.tugraz.at\/informatischegrundbildung\/wp-json\/wp\/v2\/pages\/1936\/revisions"}],"predecessor-version":[{"id":3776,"href":"https:\/\/learninglab.tugraz.at\/informatischegrundbildung\/wp-json\/wp\/v2\/pages\/1936\/revisions\/3776"}],"wp:attachment":[{"href":"https:\/\/learninglab.tugraz.at\/informatischegrundbildung\/wp-json\/wp\/v2\/media?parent=1936"}],"curies":[{"name":"wp","href":"https:\/\/api.w.org\/{rel}","templated":true}]}}