{"id":5186,"date":"2023-11-23T11:19:47","date_gmt":"2023-11-23T10:19:47","guid":{"rendered":"https:\/\/learninglab.tugraz.at\/informatischegrundbildung\/?page_id=5186"},"modified":"2023-11-27T18:56:54","modified_gmt":"2023-11-27T17:56:54","slug":"futuredeal","status":"publish","type":"page","link":"https:\/\/learninglab.tugraz.at\/informatischegrundbildung\/futuredeal\/","title":{"rendered":"FutureDEAL"},"content":{"rendered":"\n<blockquote class=\"wp-block-quote is-layout-flow wp-block-quote-is-layout-flow\">\n<p>Ein Programm aus der Initiative <a href=\"https:\/\/oead.at\/de\/expertise\/bildungsinnovation-braucht-bildungsforschung\">Bildungsinnovation braucht Bildungsforschung<\/a><\/p>\n<\/blockquote>\n\n\n\n<div class=\"wp-block-cover\" style=\"min-height:352px;aspect-ratio:unset;\"><span aria-hidden=\"true\" class=\"wp-block-cover__background has-background-dim\"><\/span><img loading=\"lazy\" decoding=\"async\" width=\"2560\" height=\"1710\" class=\"wp-block-cover__image-background wp-image-5187\" alt=\"\" src=\"https:\/\/learninglab.tugraz.at\/informatischegrundbildung\/wp-content\/uploads\/2023\/11\/pexels-pixabay-289738-scaled.jpg\" style=\"object-position:48% 63%\" data-object-fit=\"cover\" data-object-position=\"48% 63%\" srcset=\"https:\/\/learninglab.tugraz.at\/informatischegrundbildung\/wp-content\/uploads\/2023\/11\/pexels-pixabay-289738-scaled.jpg 2560w, https:\/\/learninglab.tugraz.at\/informatischegrundbildung\/wp-content\/uploads\/2023\/11\/pexels-pixabay-289738-300x200.jpg 300w, https:\/\/learninglab.tugraz.at\/informatischegrundbildung\/wp-content\/uploads\/2023\/11\/pexels-pixabay-289738-1024x684.jpg 1024w, https:\/\/learninglab.tugraz.at\/informatischegrundbildung\/wp-content\/uploads\/2023\/11\/pexels-pixabay-289738-768x513.jpg 768w, https:\/\/learninglab.tugraz.at\/informatischegrundbildung\/wp-content\/uploads\/2023\/11\/pexels-pixabay-289738-1536x1026.jpg 1536w, https:\/\/learninglab.tugraz.at\/informatischegrundbildung\/wp-content\/uploads\/2023\/11\/pexels-pixabay-289738-2048x1368.jpg 2048w, https:\/\/learninglab.tugraz.at\/informatischegrundbildung\/wp-content\/uploads\/2023\/11\/pexels-pixabay-289738-1200x802.jpg 1200w\" sizes=\"auto, (max-width: 709px) 85vw, (max-width: 909px) 67vw, (max-width: 1362px) 62vw, 840px\" \/><div class=\"wp-block-cover__inner-container is-layout-constrained wp-block-cover-is-layout-constrained\">\n<p class=\"has-text-align-center has-large-font-size\">Future of Digital Education and Learning<\/p>\n<\/div><\/div>\n\n\n\n<h2 class=\"wp-block-heading\">Future of Digital Education and Learning<\/h2>\n\n\n\n<p>Die laufende<strong> digitale Transformation ver\u00e4ndert Wahrnehmungen, Konzepte und Prozesse in der Wirtschaft, der Gesellschaft und im privaten Bereich <\/strong>massiv und nachhaltig. Informatik spielt bei dieser Ver\u00e4nderung eine zentrale Rolle. Fundiertes Wissen dar\u00fcber ist entscheidend f\u00fcr die gesellschaftliche und \u00f6konomische Teilhabe junger Menschen und bedarf motivierter und qualifizierter Lehrkr\u00e4fte.<\/p>\n\n\n\n<p>In diesem Projekt wird <strong>Informatikunterricht aus inhaltlicher, didaktischer und technologischer Sicht erforscht und kritisch diskutiert<\/strong>, beispielhaft fokussiert auf drei essenzielle Themen: (1) <strong>K\u00fcnstliche Intelligenz (KI)<\/strong> als altersgerechter Unterrichtsinhalt und welche F\u00e4higkeiten die Lehrpersonen ben\u00f6tigen, (2) Verbesserung der Qualit\u00e4t und Verf\u00fcgbarkeit des Unterrichts durch <strong>auf KI beruhenden multimodalen Tutorsystemen und mobile Augmented Reality Umgebungen<\/strong> und (3) innovativer Unterricht mit fundierten Konzepten zum <strong>Distance Learning <\/strong>mit modernen, zeitgem\u00e4\u00dfen Lehr- und Lernunterlagen.<\/p>\n\n\n\n<blockquote class=\"wp-block-quote is-layout-flow wp-block-quote-is-layout-flow\">\n<p class=\"has-medium-font-size\">\u201e<em>Die gemeinsame Vision der beteiligten Forscher:innen ist, einen modernen, zeitgem\u00e4\u00dfen Informatikunterricht, inklusive und im Besonderen auch der digitalen Grundbildung, zu erm\u00f6glichen. Um dies zu erreichen, ist sicherzustellen, dass motivierte und hervorragend ausgebildete Lehrer:innen in den Schulen diese Art von Unterricht umsetzen. Daf\u00fcr ist ein Empowerment f\u00fcr Lehrer:innen n\u00f6tig, welches ihnen das n\u00f6tige methodische, didaktische, fachliche, organisatorische und technologische R\u00fcstzeug zur Verf\u00fcgung stellt.&#8220;<\/em><\/p>\n<cite>(Projektleitung)<\/cite><\/blockquote>\n\n\n\n<h2 class=\"wp-block-heading\">Die Projektpartner<\/h2>\n\n\n\n<figure class=\"wp-block-gallery has-nested-images columns-default is-cropped wp-block-gallery-1 is-layout-flex wp-block-gallery-is-layout-flex\">\n<figure class=\"wp-block-image size-large\"><img loading=\"lazy\" decoding=\"async\" width=\"280\" height=\"180\" data-id=\"5188\" src=\"https:\/\/learninglab.tugraz.at\/informatischegrundbildung\/wp-content\/uploads\/2023\/11\/logo-tugraz.jpg\" alt=\"\" class=\"wp-image-5188\"\/><\/figure>\n\n\n\n<figure class=\"wp-block-image size-large\"><img loading=\"lazy\" decoding=\"async\" width=\"1024\" height=\"725\" data-id=\"5189\" src=\"https:\/\/learninglab.tugraz.at\/informatischegrundbildung\/wp-content\/uploads\/2023\/11\/logo-phst.png\" alt=\"\" class=\"wp-image-5189\" srcset=\"https:\/\/learninglab.tugraz.at\/informatischegrundbildung\/wp-content\/uploads\/2023\/11\/logo-phst.png 1024w, https:\/\/learninglab.tugraz.at\/informatischegrundbildung\/wp-content\/uploads\/2023\/11\/logo-phst-300x212.png 300w, https:\/\/learninglab.tugraz.at\/informatischegrundbildung\/wp-content\/uploads\/2023\/11\/logo-phst-768x544.png 768w\" sizes=\"auto, (max-width: 709px) 85vw, (max-width: 909px) 67vw, (max-width: 1362px) 62vw, 840px\" \/><\/figure>\n<\/figure>\n\n\n\n<p>Der zentrale Wert unseres Projekts liegt in der Kombination der informatischen Expertise der <a href=\"https:\/\/www.tugraz.at\">TU Graz<\/a> mit der Sicherstellung der Praxistauglichkeit und schulischen Erprobung durch die <a href=\"https:\/\/www.phst.at\">PH Steiermark<\/a>. Dabei werden sich in den n\u00e4chsten 3-4 Jahren insgesamt 6 Dissertantinnen oder Dissertanten mit einem modernen, zeitgem\u00e4\u00dfen und kompetenzorientierten Informatikunterricht, einschlie\u00dflich der digitalen Grundbildung, besch\u00e4ftigen.<\/p>\n\n\n\n<figure class=\"wp-block-pullquote has-white-color has-text-color has-background has-link-color wp-elements-f960ca893d7cbdb7fdfc2b8fd629a009\" style=\"background-color:#dda73b\"><blockquote><p>Zentrale Projektwebseite: <a href=\"https:\/\/futuredeal.phst.at\/\" target=\"_blank\" rel=\"noreferrer noopener\">futuredeal.phst.at<\/a><\/p><\/blockquote><\/figure>\n\n\n\n<h2 class=\"wp-block-heading\">Das Programm<\/h2>\n\n\n\n<p>Das Dissertationsprogramm \u201cFuture of Digital Education and Learning\u201d behandelt Forschungsfragen zum Einsatz von digitalen Technologien und Inhalte im Unterricht an Schulen. <\/p>\n\n\n\n<h2 class=\"wp-block-heading\">Die Initiative<\/h2>\n\n\n\n<p>Die Initiative \u201e<a href=\"https:\/\/oead.at\/de\/expertise\/bildungsinnovation-braucht-bildungsforschung\">Bildungsinnovation baucht Bildungsforschung<\/a>\u201c, ist mit 8,8 Mio. Euro dotiert und zielt darauf ab, den Bildungssektor auf der Basis wissenschaftlicher Erkenntnisse weiterzuentwickeln. Dabei wird vor allem der wissenschaftliche Nachwuchs gef\u00f6rdert.<\/p>\n","protected":false},"excerpt":{"rendered":"<p>Ein Programm aus der Initiative Bildungsinnovation braucht Bildungsforschung Future of Digital Education and Learning Die laufende digitale Transformation ver\u00e4ndert Wahrnehmungen, Konzepte und Prozesse in der Wirtschaft, der Gesellschaft und im privaten Bereich massiv und nachhaltig. Informatik spielt bei dieser Ver\u00e4nderung eine zentrale Rolle. Fundiertes Wissen dar\u00fcber ist entscheidend f\u00fcr die gesellschaftliche und \u00f6konomische Teilhabe junger &hellip; <a href=\"https:\/\/learninglab.tugraz.at\/informatischegrundbildung\/futuredeal\/\" class=\"more-link\"><span class=\"screen-reader-text\">\u201eFutureDEAL\u201c<\/span> weiterlesen<\/a><\/p>\n","protected":false},"author":2,"featured_media":0,"parent":0,"menu_order":0,"comment_status":"closed","ping_status":"closed","template":"","meta":{"footnotes":""},"class_list":["post-5186","page","type-page","status-publish","hentry"],"_links":{"self":[{"href":"https:\/\/learninglab.tugraz.at\/informatischegrundbildung\/wp-json\/wp\/v2\/pages\/5186","targetHints":{"allow":["GET"]}}],"collection":[{"href":"https:\/\/learninglab.tugraz.at\/informatischegrundbildung\/wp-json\/wp\/v2\/pages"}],"about":[{"href":"https:\/\/learninglab.tugraz.at\/informatischegrundbildung\/wp-json\/wp\/v2\/types\/page"}],"author":[{"embeddable":true,"href":"https:\/\/learninglab.tugraz.at\/informatischegrundbildung\/wp-json\/wp\/v2\/users\/2"}],"replies":[{"embeddable":true,"href":"https:\/\/learninglab.tugraz.at\/informatischegrundbildung\/wp-json\/wp\/v2\/comments?post=5186"}],"version-history":[{"count":14,"href":"https:\/\/learninglab.tugraz.at\/informatischegrundbildung\/wp-json\/wp\/v2\/pages\/5186\/revisions"}],"predecessor-version":[{"id":5205,"href":"https:\/\/learninglab.tugraz.at\/informatischegrundbildung\/wp-json\/wp\/v2\/pages\/5186\/revisions\/5205"}],"wp:attachment":[{"href":"https:\/\/learninglab.tugraz.at\/informatischegrundbildung\/wp-json\/wp\/v2\/media?parent=5186"}],"curies":[{"name":"wp","href":"https:\/\/api.w.org\/{rel}","templated":true}]}}