{"id":54,"date":"2017-03-26T18:26:47","date_gmt":"2017-03-26T16:26:47","guid":{"rendered":"https:\/\/learninglab.tugraz.at\/informatischegrundbildung\/?page_id=54"},"modified":"2020-02-12T10:32:42","modified_gmt":"2020-02-12T09:32:42","slug":"aktivitaeten-an-der-tu-graz","status":"publish","type":"page","link":"https:\/\/learninglab.tugraz.at\/informatischegrundbildung\/aktivitaeten-an-der-tu-graz\/","title":{"rendered":"Aktivit\u00e4ten an der TU Graz"},"content":{"rendered":"<p>Zur F\u00f6rderung der informatischen Bildung stellt die Technische Universit\u00e4t Graz neben Lehr- und Lernunterlagen f\u00fcr den Informatikunterricht auch spezielle Software zur Verf\u00fcgung und bietet u.a. Online-Kurse f\u00fcr Sch\u00fcler\/innen und Lehrer\/innen und Unterst\u00fctzung bei der Themenwahl und dem Verfassen einer vorwissenschaftlichen Arbeit an. Zudem kann das FabLab jeden Donnerstag von 14:00-18:00 besucht werden.<\/p>\n<p><strong><span style=\"color: #339966;\">IT-Sommerkurse der TU<\/span><\/strong><br \/><a href=\"https:\/\/www.tugraz.at\/go\/sommerkurse\">https:\/\/www.tugraz.at\/go\/sommerkurse<\/a><\/p>\n<p><strong><span style=\"color: #339966;\">Austria Forum<\/span><br \/><\/strong>Link: <a href=\"https:\/\/austria-forum.org\/\">https:\/\/austria-forum.org\/<\/a><\/p>\n<p><em>Unterrichtsmaterialien f\u00fcr den Informatikunterricht:<\/em><br \/>Link:<a href=\"https:\/\/austria-forum.org\/af\/Unterrichtsmaterialien\/Informatik\"> https:\/\/austria-forum.org\/af\/Unterrichtsmaterialien\/Informatik<\/a><\/p>\n<p><em>Unterst\u00fctzung beim Verfassen einer vorwissenschaftlicher Arbeit (VWA)<br \/>im Rahmen der Reifepr\u00fcfung<\/em><br \/>Link: <a href=\"https:\/\/austria-forum.org\/af\/Unterrichtsmaterialien\/VWA\">https:\/\/austria-forum.org\/af\/Unterrichtsmaterialien\/VWA<\/a><\/p>\n<p><span style=\"color: #339966;\"><strong>CoMaed-Kurse<br \/><\/strong><\/span>Das Projekt CoMaed (&#8222;Computer und M\u00e4dchen&#8220;) umfasst insgesamt 7 Kurse f\u00fcr M\u00e4dchen ab 10 Jahren, die vom B\u00fcro f\u00fcr Gleichstellung und Frauenf\u00f6rderung an der TU Graz organisiert und veranstaltet werden. Die Kurse finden in den Sommerferien an der TU Graz statt und bauen aufeinander auf. Nach erfolgreicher Absolvierung aller Kurse, k\u00f6nnen die Teilnehmerinnen am Ferialjobprogramm der TU Graz teilnehmen.<\/p>\n<p>N\u00e4here Informationen zum Kursprogramm finden sie auf der Website <a href=\"https:\/\/www.tugraz.at\/sites\/comaed\/home\/\">https:\/\/www.tugraz.at\/sites\/comaed\/home\/<\/a>\u00a0<\/p>\n<p><span style=\"color: #339966;\"><strong>FabLab der Technischen Universit\u00e4t Graz<br \/><\/strong><\/span>Link: <a href=\"http:\/\/fablab.tugraz.at\/\">http:\/\/fablab.tugraz.at\/ <\/a><br \/><strong>Open Day:<\/strong> jeden Donnerstag von <strong>14:00-18:00<\/strong> Uhr<\/p>\n<p>Adresse:<br \/><em>Inffeldgasse 11\/3 <\/em><br \/><em>8010 Graz <\/em><br \/><em>erreichbar mit der Stra\u00dfenbahnlinie 6\/Buslinie 63, Haltestelle &#8222;Schulzentrum St. Peter&#8220;<\/em><\/p>\n<p><strong><span style=\"color: #339966;\">iMooX-Plattform<\/span><br \/><\/strong>Link:\u00a0<a href=\"https:\/\/imoox.at\/\">https:\/\/imoox.at\/<\/a><\/p>\n<ul>\n<li>F\u00fcr Sch\u00fcler\/innen:<\/li>\n<\/ul>\n<p><em>MOOC &#8222;Learning to Code: Programmieren mit Pocket Code&#8220;<br \/><\/em>Altersgruppe: 10-14 Jahre<br \/>Link:\u00a0<a href=\"https:\/\/imoox.at\/mooc\/local\/courseintro\/views\/startpage.php?id=51\">https:\/\/imoox.at\/mooc\/local\/courseintro\/views\/startpage.php?id=51<\/a>\u00a0<br \/>Link (englisch):\u00a0<a href=\"https:\/\/imoox.at\/mooc\/local\/courseintro\/views\/startpage.php?id=38\">https:\/\/imoox.at\/mooc\/local\/courseintro\/views\/startpage.php?id=38<\/a><\/p>\n<p><em>MOOC &#8222;Soziale Medien &amp; Schule: f\u00fcr wen, wieso, wozu?<br \/><\/em>Altersgruppe: Jugendliche<br \/>Link:\u00a0<a href=\"https:\/\/imoox.at\/mooc\/local\/courseintro\/views\/startpage.php?id=27\">https:\/\/imoox.at\/mooc\/local\/courseintro\/views\/startpage.php?id=27<\/a><\/p>\n<p><em>MOOC &#8222;Programmieren mit Processing 1&#8220;<\/em><br \/>Link:\u00a0<a href=\"https:\/\/imoox.at\/mooc\/local\/courseintro\/views\/startpage.php?id=56\">https:\/\/imoox.at\/mooc\/local\/courseintro\/views\/startpage.php?id=56<\/a><\/p>\n<p><em>MOOC &#8222;Programmieren mit Processing 2&#8220;<\/em><br \/>Link:\u00a0<a href=\"https:\/\/imoox.at\/mooc\/local\/courseintro\/views\/startpage.php?id=57\">https:\/\/imoox.at\/mooc\/local\/courseintro\/views\/startpage.php?id=57<\/a><\/p>\n<ul>\n<li>F\u00fcr Lehrer\/innen:<\/li>\n<\/ul>\n<p><em>MOOC &#8222;Computational Thinking mit BBC micro:bit &#8211; der MOOC zum freien Schulbuch&#8220;<\/em><br \/>Link:\u00a0<a href=\"https:\/\/imoox.at\/mooc\/local\/courseintro\/views\/startpage.php?id=54\">https:\/\/imoox.at\/mooc\/local\/courseintro\/views\/startpage.php?id=54<\/a><\/p>\n<p><em>MOOC &#8222;Online-Kurs zu Open Educational Resources&#8220;<br \/><\/em>Link: <a href=\"https:\/\/imoox.at\/mooc\/local\/courseintro\/views\/startpage.php?id=63\">https:\/\/imoox.at\/mooc\/local\/courseintro\/views\/startpage.php?id=63<\/a><a href=\"https:\/\/imoox.at\/wbtmaster\/startseite\/coer17.html\"><br \/><\/a><br \/><em>MOOC &#8222;Lernen im Netz 2.0: Lernen in einer digitalen Gesellschaft&#8220;<\/em><a href=\"https:\/\/imoox.at\/wbtmaster\/startseite\/coer17.html\"><br \/><\/a>Link<em>:\u00a0<\/em><a href=\"https:\/\/imoox.at\/mooc\/local\/courseintro\/views\/startpage.php?id=25\">https:\/\/imoox.at\/mooc\/local\/courseintro\/views\/startpage.php?id=25<\/a><\/p>\n<p><em>MOOC &#8222;Lehren und Lernen mit digitalen Medien I&#8220;<\/em><br \/>Link:\u00a0<a href=\"https:\/\/imoox.at\/mooc\/local\/courseintro\/views\/startpage.php?id=65\">https:\/\/imoox.at\/mooc\/local\/courseintro\/views\/startpage.php?id=65<\/a><\/p>\n<p><em>MOOC &#8222;Das Internet in meinem Unterricht? Aber sicher!&#8220;<\/em><br \/>Link:\u00a0<a href=\"https:\/\/imoox.at\/mooc\/local\/courseintro\/views\/startpage.php?id=47\">https:\/\/imoox.at\/mooc\/local\/courseintro\/views\/startpage.php?id=47<\/a><\/p>\n<p><span style=\"color: #339966;\"><strong>Mobile Apps:<\/strong> <strong><em>Pocket Code und Pocket Paint<br \/><\/em><\/strong><\/span><\/p>\n<p>Download (Google Play Store):<br \/><em>Pocket Code<\/em>: <a href=\"https:\/\/play.google.com\/store\/apps\/details?id=org.catrobat.catroid\">https:\/\/play.google.com\/store\/apps\/details?id=org.catrobat.catroid<br \/><\/a><em>Pocket Paint<\/em>:\u00a0<a href=\"https:\/\/play.google.com\/store\/apps\/details?id=org.catrobat.paintroid\">https:\/\/play.google.com\/store\/apps\/details?id=org.catrobat.paintroid<\/a><\/p>\n<p>Download (App Store):<br \/><em>Pocket Code<\/em> (inkl. Pocket Paint):\u00a0<a href=\"https:\/\/itunes.apple.com\/app\/pocket-code\/id1117935892\">https:\/\/itunes.apple.com\/app\/pocket-code\/id1117935892<\/a><\/p>\n<p>Zudem steht mit der App <em>Create@School<\/em> eine weitere Version von <em>Pocket Code <\/em>zur Verf\u00fcgung, welche speziell auf den Einsatz an Schulen abgestimmt ist.<br \/>Create@School: <a href=\"https:\/\/play.google.com\/store\/apps\/details?id=org.catrobat.catroid.createatschool\">https:\/\/play.google.com\/store\/apps\/details?id=org.catrobat.catroid.createatschool<\/a><\/p>\n<p>Hinweis zu <em>Create@School<\/em>:<br \/>Um als Lehrer\/in Anmeldedaten f\u00fcr Ihre Klasse zu erhalten, klicken Sie auf den folgenden Link: <a href=\"http:\/\/catrob.at\/schulregistrierung\">http:\/\/catrob.at\/schulregistrierung<\/a><\/p>\n<p><em>Tutorials und Materialien<\/em><br \/><strong><em>Catrobat Education Site<\/em><br \/><\/strong>Link:\u00a0<a href=\"https:\/\/edu.catrob.at\/\">https:\/\/edu.catrob.at\/<\/a><\/p>\n<p><em><strong>Moodle-Kurs<\/strong> &#8222;Programmieren mit Pocket Code&#8220;<br \/>(kann in ein anderes Moodle-System importiert werden)<\/em><br \/>Link: <a href=\"https:\/\/tc.tugraz.at\/main\/course\/view.php?id=1415\">https:\/\/tc.tugraz.at\/main\/course\/view.php?id=1415<\/a><\/p>\n<p><strong><em>Online-Beginners-Kurs <\/em><\/strong><br \/><a href=\"https:\/\/edu.catrob.at\/fundamental-online-workshop\">https:\/\/edu.catrob.at\/fundamental-online-workshop<\/a><\/p>\n<p><em>Event &#8222;Galaxy Game Jam&#8220;<\/em><br \/>Link: <a href=\"https:\/\/edu.catrob.at\/ggj\">https:\/\/edu.catrob.at\/ggj<\/a><\/p>\n<p><em>Projekt &#8222;No one left behind&#8220;<\/em><br \/>Link: <a href=\"https:\/\/edu.catrob.at\/no1leftbehind\">https:\/\/edu.catrob.at\/no1leftbehind<\/a><\/p>\n<p><span style=\"color: #339966;\"><strong>Robocup<\/strong><\/span><\/p>\n<p>Link: <a href=\"http:\/\/www.robocup.tugraz.at\/\">http:\/\/www.robocup.tugraz.at\/<br \/><\/a>Link: <a class=\"moz-txt-link-abbreviated\" href=\"http:\/\/www.robocupjunior.at\">www.robocupjunior.at<\/a><\/p>\n<p><strong><span style=\"color: #339966;\">Robotik Club\u00a0<\/span> <\/strong><\/p>\n<p>Link (Facebook): <a href=\"https:\/\/www.facebook.com\/Robotik.Klub.TUGraz\/\">https:\/\/www.facebook.com\/Robotik.Klub.TUGraz\/<\/a><\/p>\n<p><span style=\"color: #339966;\"><strong>TU Graz Robotics Challenge<\/strong><\/span><\/p>\n<p>Link: <a href=\"http:\/\/robotics-challenge.ist.tugraz.at\/\">http:\/\/robotics-challenge.ist.tugraz.at\/<\/a><\/p>\n<p><!--more--><\/p>\n\n\n<p><\/p>\n","protected":false},"excerpt":{"rendered":"<p>Zur F\u00f6rderung der informatischen Bildung stellt die Technische Universit\u00e4t Graz neben Lehr- und Lernunterlagen f\u00fcr den Informatikunterricht auch spezielle Software zur Verf\u00fcgung und bietet u.a. Online-Kurse f\u00fcr Sch\u00fcler\/innen und Lehrer\/innen und Unterst\u00fctzung bei der Themenwahl und dem Verfassen einer vorwissenschaftlichen Arbeit an. Zudem kann das FabLab jeden Donnerstag von 14:00-18:00 besucht werden. IT-Sommerkurse der TUhttps:\/\/www.tugraz.at\/go\/sommerkurse &hellip; <a href=\"https:\/\/learninglab.tugraz.at\/informatischegrundbildung\/aktivitaeten-an-der-tu-graz\/\" class=\"more-link\"><span class=\"screen-reader-text\">\u201eAktivit\u00e4ten an der TU Graz\u201c<\/span> weiterlesen<\/a><\/p>\n","protected":false},"author":1,"featured_media":0,"parent":0,"menu_order":0,"comment_status":"closed","ping_status":"closed","template":"","meta":{"footnotes":""},"class_list":["post-54","page","type-page","status-publish","hentry"],"_links":{"self":[{"href":"https:\/\/learninglab.tugraz.at\/informatischegrundbildung\/wp-json\/wp\/v2\/pages\/54","targetHints":{"allow":["GET"]}}],"collection":[{"href":"https:\/\/learninglab.tugraz.at\/informatischegrundbildung\/wp-json\/wp\/v2\/pages"}],"about":[{"href":"https:\/\/learninglab.tugraz.at\/informatischegrundbildung\/wp-json\/wp\/v2\/types\/page"}],"author":[{"embeddable":true,"href":"https:\/\/learninglab.tugraz.at\/informatischegrundbildung\/wp-json\/wp\/v2\/users\/1"}],"replies":[{"embeddable":true,"href":"https:\/\/learninglab.tugraz.at\/informatischegrundbildung\/wp-json\/wp\/v2\/comments?post=54"}],"version-history":[{"count":52,"href":"https:\/\/learninglab.tugraz.at\/informatischegrundbildung\/wp-json\/wp\/v2\/pages\/54\/revisions"}],"predecessor-version":[{"id":3689,"href":"https:\/\/learninglab.tugraz.at\/informatischegrundbildung\/wp-json\/wp\/v2\/pages\/54\/revisions\/3689"}],"wp:attachment":[{"href":"https:\/\/learninglab.tugraz.at\/informatischegrundbildung\/wp-json\/wp\/v2\/media?parent=54"}],"curies":[{"name":"wp","href":"https:\/\/api.w.org\/{rel}","templated":true}]}}